+ 25*b**2/2 - 14*b + 115. Suppose 0 = 3*j - 9, -j + 2*j - 83 = -4*x. What is the units digit of v(x)?
6
Suppose -5*n + 1198 + 2096 = 4*b, -2*n - 4*b + 1320 = 0. Let t = n + -282. What is the hundreds digit of t?
3
Suppose -4*x + 3 = 5*m, -2*m = -4*x + 3*m - 27. Let h be 4*x/(-18) + (-4)/6. Suppose h = -4*j, -4*y + 2*j + 219 = -13. What is the units digit of y?
8
Suppose 0*z - u = -7*z + 3*z + 40052, 5*u = 0. What is the ten thousands digit of z?
1
Let p(v) = 22*v**2 - 100*v - 290. What is the thousands digit of p(26)?
1
Let i(y) = 8778*y + 14458. What is the units digit of i(4)?
0
Let k = 223 + -220. Suppose 5*d + 4*b - 2573 = 0, 0 = -4*d - b + k*b + 2048. What is the tens digit of d?
1
Let j(c) = 2059 + 10*c + 10*c**2 + 0*c**2 - 2093. Suppose -3*k + 5 + 7 = 0. What is the tens digit of j(k)?
6
Let s be 8/((-48)/54) - -2231. Let g = s + -893. What is the hundreds digit of g?
3
Suppose 0 = -490*y + 494*y + 39562 - 102718. What is the units digit of y?
9
Suppose 83793 = -115*q + 146*q. What is the units digit of q?
3
Suppose 0 = 58*o + 46*o - 785720. What is the units digit of o?
5
Let p(n) = 12*n - 2. Let a be p(1). Let s = 515 - a. What is the hundreds digit of s?
5
Let a be 20/90 + (-19312)/(-9). Suppose -5*h + a = 4*q - q, 12 = -4*q. What is the hundreds digit of h?
4
Suppose 5*t + 1125 = -x, 3*t + 21*x + 675 = 24*x. Let h = -170 - t. What is the tens digit of h?
5
What is the hundreds digit of (1 - -3 - 9)/(4/(-1124 + 8))?
3
Let q = 3238 + 1577. What is the units digit of q/(-3)*12/(-20)?
3
What is the tens digit of 65571 + ((-8)/22 - 2678/(-286))?
8
Let i(y) = -18348*y**3 + 5*y**2 + 3*y - 4. What is the thousands digit of i(-1)?
8
Suppose -51191 + 23656 = -21*i + 92879. What is the tens digit of i?
3
Let z(m) = 145*m + 44. Let u be z(-16). Let c = u + 3854. What is the hundreds digit of c?
5
Let j = 88724 + -62408. What is the thousands digit of j?
6
Let r be (-953)/(-2)*8/(-4). Let h = r + 1606. What is the tens digit of h?
5
Let m(n) = 2470*n**2 + 2*n + 1. Let j be m(-1). Suppose 0 = -3*o + j - 1920. What is the hundreds digit of o?
1
Suppose 2*x = 4*b - x - 5073, -4*x - 2544 = -2*b. Suppose 2*l = 4*l - b. What is the hundreds digit of l?
6
Let o = -1072 + 1522. Suppose -6*w + 3048 - o = 0. What is the hundreds digit of w?
4
Let a be (1062/(-7))/((-7)/49). Let m = 1598 - a. What is the hundreds digit of m?
5
Suppose 5*l + 14 = k, -7*k + 2*k + l = -46. Suppose -3657 = -k*q + 15. Suppose 44*y = 48*y - q. What is the hundreds digit of y?
1
Let h(o) = -o**3 + 4*o**2 + 4*o + 5. Let m be (-20)/(-6)*(-153)/(-85). Let s be h(m). Let l = 109 + s. What is the units digit of l?
6
Suppose 0 = -4*z + 286 - 278. Suppose -2*s - s + 2*j = -6, z*s + 7 = 5*j. What is the units digit of s?
4
Suppose -4*y - 5*p = -45, 3*y - 5*p + 0 - 25 = 0. What is the hundreds digit of (-2)/y - 4002/(-10)?
4
What is the units digit of 27660 + -1 + 24 + 18 + -44?
7
Suppose 1071*a + 504 = 1078*a. Suppose a = -803*b + 804*b. What is the tens digit of b?
7
Let b = -217 - -788. Let n = b + -33. Suppose -2*p - p - 2*w + n = 0, -4*p - 4*w = -712. What is the units digit of p?
2
Let m = 32448 - 6872. What is the hundreds digit of m?
5
Suppose 18*f - 26*f + 592 = 0. Let z = f + -71. Let m(l) = 12*l**2 - 6*l + 6. What is the tens digit of m(z)?
9
Suppose 765596 = -25*u + 43*u + 34*u. What is the tens digit of u?
2
Let k = 38014 + 13953. What is the hundreds digit of k?
9
Let f be (-3)/((-9)/15)*(-713)/(-23). Suppose f = -2*z + 639. What is the hundreds digit of z?
2
What is the thousands digit of 63012 + ((-1)/(-15) - (28 + 4308/(-180)))?
3
Suppose 4*r = 2*r + 48. Let f = r + -33. Let n(d) = d**3 + 8*d**2 - 16*d - 9. What is the units digit of n(f)?
4
Suppose 2*d - 6*z + 2*z = -72, 5*d + 3*z + 206 = 0. Let n = d + 45. Suppose -25 + 130 = n*i. What is the units digit of i?
1
Let b(o) = o**2 - 29*o + 28. Let y be b(28). Let k(h) = -h**3 + h + 67. What is the tens digit of k(y)?
6
What is the ten thousands digit of ((-3)/((-27)/45) - 7) + 10057?
1
Let c(f) = 9*f**2 + f. Let d be c(1). Let g = -12563 - -12563. Suppose 3*i + b + 4*b = 871, g = 5*b - d. What is the units digit of i?
7
Suppose -5*o + 30 = -o + 2*m, 15 = 3*m. Suppose -f - 5 = 0, b = 2*b - o*f - 211. What is the units digit of b?
6
Let o(q) = 2*q**2 - 3*q + 22. Suppose -4*g + 13*g - 5*g = 0. Suppose -z + 4*z - 27 = g. What is the units digit of o(z)?
7
Let h(a) = -5*a**2 + 37*a - 13. What is the units digit of h(5)?
7
Let m(w) = -23*w**3 + 10*w**2 - 13*w - 12. What is the thousands digit of m(-6)?
5
Let h = -1643 + 2481. Let a = h - 523. What is the units digit of a?
5
Suppose 3*p - 164 = -5*d, -2*p - 3 - 1 = 0. Let j = d + -34. Suppose j = t - 4*q - 126, -t + 120 = 6*q - 7*q. What is the units digit of t?
8
Suppose -17*i + 907725 = 88*i. What is the hundreds digit of i?
6
What is the units digit of ((-4)/(-7))/((-186)/(-306621))?
2
Let j(h) = -24*h + 90. Let p be j(-14). Suppose -2*r + f = 37 - 251, 4*r - p = 3*f. What is the hundreds digit of r?
1
Let o(z) = 3*z**2 + 30*z - 11. Let r(w) = -2*w**2 - 4*w + 34. Let y be r(4). What is the units digit of o(y)?
7
Suppose -365 = b + m + 4*m, 5*b + 3*m = -1759. Let p = 614 + b. What is the units digit of p?
4
What is the tens digit of (-53204)/(-5) + (24/300)/((-14)/(-210))?
4
Let u be 4/12*(-3 + 0)*2. Let c(g) = -15*g**3 - g**2 + 4*g + 6. What is the hundreds digit of c(u)?
1
Let k = -77755 + 146478. What is the ten thousands digit of k?
6
Suppose 0 = 16*b - 60 - 164. Suppose b*y = 9*y + 1890. What is the units digit of y?
8
Suppose -9*w + 112 = -2*w. Let q(o) = 9*o - 78. What is the units digit of q(w)?
6
Let g(s) = 7084*s - 9419. What is the hundreds digit of g(6)?
0
Suppose 0 = 2*f + 8 + 2, 26 = -p - 5*f. Let z(x) = 0*x - 1 - 30*x - 5 - 24*x. What is the units digit of z(p)?
8
Suppose -31*l + 23*l - 600 = 0. Suppose -4*v = 334 + 58. Let q = l - v. What is the units digit of q?
3
Let l = 264 + -262. What is the hundreds digit of ((-44)/6 - l/(-6))*-91?
6
Let p(m) be the second derivative of m**3/3 - 33*m**2/2 + 8*m. Let t be p(24). Suppose -2*l = -5*l - t, -4*u - l = -367. What is the tens digit of u?
9
Suppose 3*z - 6*j - 2152 = -4*j, 2*z = 4*j + 1448. Suppose -5*s = -4*d + z, -s - 6 = -4*s. What is the units digit of d?
1
Suppose 2*f + 14 = -4*g, 3*g = 5*f + 2*g - 9. Let r = 4 - f. Suppose 0 = -r*t - 4*t + 1232. What is the tens digit of t?
7
Let m(h) = 4*h**2 + 4*h - 5. Let n be m(-9). Suppose 3*c - n = -4*w - 0*c, 4*w - 277 = 3*c. What is the tens digit of (6/5)/(1/w)?
8
Let v = 2 - 1. Let t = -454 + 471. What is the units digit of t + 4/8 + v/2?
8
Let f be -1*((-1)/(-4) - 765/36). Let j = f + 56. Suppose -3*a + 3 = 0, -j = -4*p - a + 336. What is the units digit of p?
3
Let m = -332 - -907. Let i = m + 34. What is the hundreds digit of i?
6
Let p(l) = l**2 - 6*l + 29. Let j be (-6)/(-9)*(-2 + -4) + 24. Let c be p(j). Let o = c - 101. What is the hundreds digit of o?
2
Let x(y) = -y**2 + y + 20. Let q be x(5). Suppose 0 = -a - 3*a - 4*o - 1752, -5*a - 3*o - 2190 = q. Let i = -191 - a. What is the hundreds digit of i?
2
Let a(g) be the second derivative of -3*g**5/20 - 5*g**4/3 + 17*g**3/6 + 7*g**2/2 + 23*g + 2. What is the tens digit of a(-9)?
2
What is the tens digit of 4 + (-174)/42 + (-18558)/(-7)?
5
Let i = 3667 + -2461. Suppose -i = -4*j - 2*j. What is the tens digit of j?
0
Suppose -5*a = -6*h + h + 1545, -2 = -a. Let u = h - 542. Let g = -165 - u. What is the units digit of g?
6
Suppose 209589 = 3*z - n, -3*n - 120 + 111 = 0. What is the units digit of z?
2
Let p = 47522 + -11954. What is the ten thousands digit of p?
3
Suppose 4*m - 132 + 12 = 0. What is the units digit of 6135/(-10)*(-20)/m?
9
Let s be -2*(8 - 6)*(-102)/4. Suppose -2*x = 87 + 3. Let u = s - x. What is the tens digit of u?
4
Suppose -6*k = -16143 - 22833. Suppose 5*d = -30*m + 34*m - 6498, -4*d - k = -4*m. What is the tens digit of m?
2
Suppose 0 = -10*c + 34*c - 9120. Let o = 633 - c. What is the tens digit of o?
5
Let o = -486 - -482. What is the tens digit of -6 + 6 + 351 - o?
5
Suppose -86*d + 70*d = -77808. What is the tens digit of d?
6
Let w be (2/2)/(2 + (-273)/137). Let l be (192/24)/((-2)/w). What is the units digit of (14/(-63) + l/(-9))*3?
2
Let p(l) = -l**3 + 5*l**2 + 519. Let r b